{"id":60,"date":"2019-01-22T10:30:27","date_gmt":"2019-01-22T15:30:27","guid":{"rendered":"https:\/\/hugopalma.academy\/?page_id=60"},"modified":"2024-04-08T16:57:58","modified_gmt":"2024-04-08T21:57:58","slug":"derecho-internacional","status":"publish","type":"page","link":"https:\/\/hugopalma.academy\/?page_id=60","title":{"rendered":"Publicaciones &#038; Conferencias 01)"},"content":{"rendered":"\n<p class=\"has-text-align-left\">01)<a href=\"https:\/\/www.hugopalma.academy\/hp-docs\/01. Derecho Internacional\/El_sistema_internacional_en_sus_textos_Tomo_I.pdf\">  El Sistema Internacional en sus Textos. Libro. Tomo I CEPEI LIMA 1990. Compilaci\u00f3n de tratados y otros instrumentos de las relaciones internacionales en tres vol\u00famenes, total 1800 p\u00e1gs. Plan de Obra, Presentaci\u00f3n de Eduardo Ferrero Costa e Introducci\u00f3n del autor. Temas. Organizaciones pol\u00edticas internacionales de car\u00e1cter universal o regional; sistema interamericano; concertaci\u00f3n e institucionalizaci\u00f3n latinoamericana; integraci\u00f3n andina; y relaciones diplom\u00e1ticas y consulares.<\/a> <\/p>\n\n\n\n<p>02) <a href=\"https:\/\/www.hugopalma.academy\/hp-docs\/01. Derecho Internacional\/El_sistema_internacional_en_sus_textos_Tomo_II.pdf\">El Sistema Internacional en sus Textos. Libro. Tomo II CEPEI Lima 1990. Temas. Derechos de los estados; protecci\u00f3n internacional de la persona humana; espacios mar\u00edtimos, polar y c\u00f3smico; desarme y limitaci\u00f3n de armamentos; y derechos de los estados y autodeterminaci\u00f3n.<\/a><\/p>\n\n\n\n<p>03) <a href=\"https:\/\/www.hugopalma.academy\/hp-docs\/01. Derecho Internacional\/El_sistema_internacional_en_sus_textos_Tomo_III.pdf\">El Sistema Internacional en sus Textos. Libro. Tomo III CEPEI Lima 1990. Temas. Terrorismo; cooperaci\u00f3n internacional para el desarrollo econ\u00f3mico y social; patrimonio cultural; medio ambiente; y el narcotr\u00e1fico. Finalmente, tablas con la posici\u00f3n del Per\u00fa sobre los compromisos internacionales incluidos en la obra. Tambi\u00e9n informaci\u00f3n sobre los miembros de los principales organismos y agencias de Naciones Unidas, la participaci\u00f3n en acuerdos multilaterales de desarme y los miembros de los principales instrumentos del sistema interamericano.<\/a><\/p>\n\n\n\n<p>04) <a href=\"https:\/\/www.hugopalma.academy\/hp-docs\/01. Derecho Internacional\/El Per\u00fa y el sistema internacional_JM Bakula.pdf\">El Per\u00fa y el sistema internacional. Juan Miguel Bakula.  El comercio, Lima. Febrero 1991. Comentario a la publicaci\u00f3n de \u201cEl Sistema Internacional en sus Textos\u201d de Hugo Palma.<\/a><\/p>\n\n\n\n<p>05)   <a href=\"https:\/\/www.hugopalma.academy\/hp-docs\/01. Derecho Internacional\/Textos Reunidos_Ferrero Costa.pdf\">Textos reunidos. Eduardo Ferrero Costa.  Revista Caretas, Lima, febrero 1991. Comentario a la publicaci\u00f3n de \u201cEl Sistema Internacional en sus Textos\u201d de Hugo Palma.<\/a><\/p>\n\n\n\n<p>06)   <a href=\"https:\/\/hugopalma.academy\/hp-docs\/01. Derecho Internacional\/Documentos internacionales_DGarc\u00eda Say\u00e1n.pdf\">Documentos internacionales. Doctor Diego Garc\u00eda Say\u00e1n. La Rep\u00fablica, Lima. Febrero 1991. Comentario a la publicaci\u00f3n de \u201cEl Sistema Internacional en sus Textos\u201d de Hugo Palma.<\/a><\/p>\n\n\n\n<p>07)    <a href=\"https:\/\/www.hugopalma.academy\/hp-docs\/01. Derecho Internacional\/El sistema internacional en sus textos.pdf\">\u201cEl Sistema Internacional en sus Textos\u201d. Informe del diario El Comercio, Lima, febrero 1991 sobre la compilaci\u00f3n de documentos internacionales hecha por Hugo Palma.<\/a><\/p>\n\n\n\n<p>08) <a href=\"https:\/\/hugopalma.academy\/hp-docs\/01.%20Derecho%20Internacional\/TESIS%20DE%20BACHILLER%20HUGO%20PALMA.pdf\">Aspectos de la Instituci\u00f3n del Reconocimiento de Gobiernos. Tesis de Bachiller. Facultad de Derecho y Ciencias Sociales; Pontificia Universidad Cat\u00f3lica del Per\u00fa Hugo Palma Valderrama. Lima, Per\u00fa 1963. El reconocimiento de gobiernos, distinto del reconocimiento de Estados, ha sido y a veces es a\u00fan utilizado como un acto pol\u00edtico de intervenci\u00f3n o presi\u00f3n; desconociendo el car\u00e1cter jur\u00eddico de la instituci\u00f3n. Al tiempo de la Tesis, pr\u00e1cticamente no exist\u00eda ninguna obligaci\u00f3n exigible en relaci\u00f3n con la manera como los Gobiernos acced\u00edan al poder. Se trataba entonces de un tema de verificaci\u00f3n de que el gobierno, con independencia de la manera como asum\u00eda el poder, \u201cgobernaba\u201d; prevaleciendo de modo irrestricto los principios de independencia y no intervenci\u00f3n. El asunto interes\u00f3 especialmente a los Estados latinoamericanos por la recurrencia de golpes de Estado y otras cuestionables situaciones de acceso o mantenimiento en el poder. Los gobiernos procedentes de sucesiones constitucionales leg\u00edtimas y transparentes no requer\u00edan ning\u00fan reconocimiento.\u00a0 En 1930 el Canciller mexicano Estrada declar\u00f3 que su pa\u00eds no har\u00eda ning\u00fan reconocimiento formal y mantendr\u00eda o no relaciones con el nuevo gobierno. Esta \u201cdoctrina\u201d fue contradicha cuando el presidente L\u00f3pez Obrador expres\u00f3 que no reconoc\u00eda al gobierno del Per\u00fa que accedi\u00f3 constitucionalmente el a\u00f1o 2022; pero mantuvo las relaciones diplom\u00e1ticas. <a href=\"https:\/\/hugopalma.academy\/hp-docs\/01.%20Derecho%20Internacional\/TESIS%20DE%20BACHILLER%20HUGO%20PALMA.pdf\"> En la pr\u00e1ctica, la formalidad de reconocer ha cedido paso a la sola continuaci\u00f3n de las relaciones diplom\u00e1ticas.<\/a><\/a> <a href=\"https:\/\/hugopalma.academy\/hp-docs\/01.%20Derecho%20Internacional\/TESIS%20DE%20BACHILLER%20HUGO%20PALMA.pdf\">De hecho, el tema contin\u00faa integrando factores pol\u00edticos y jur\u00eddicos que pueden producir situaciones de tensi\u00f3n y hasta crisis.<\/a><\/p>\n\n\n\n<p>09) <a href=\"https:\/\/hugopalma.academy\/hp-docs\/04.%20Seguridad\/CONSTRUYENDO%20MODELOS%20DE%20PAZ%20EN%20AMERICA%20LATINA.pdf\">Construyendo modelos de paz en Am\u00e9rica Latina. Conferencia. En Informe de la Conferencia Internacional del mismo nombre del Consejo Episcopal Latinoamericano y Fundaci\u00f3n Adenauer. Bogot\u00e1, 26 setiembre 2000. Examina la parad\u00f3jica situaci\u00f3n latinoamericana de ser, el mismo tiempo, la mas pacifica y la mas violenta regi\u00f3n del planeta, con \u00e9nfasis en el caso de Colombia entonces azotada por el terrorismo y el narcotr\u00e1fico; al igual que M\u00e9xico, Am\u00e9rica Central y Per\u00fa; as\u00ed como el tema de la paz en el contexto de la globalizaci\u00f3n. Participaron el Presidente Misael Pastrana, obispos, acad\u00e9micos y pol\u00edticos de varios pa\u00edses.<\/a><\/p>\n\n\n\n<p>10) <a href=\"https:\/\/hugopalma.academy\/wp-content\/uploads\/2024\/03\/CULTURA-DE-PAZ-JUSTICIA-DERECHO.pdf\">Cultura de paz, justicia y derechos. Todos decimos que la paz es el mayor de los bienes, que la humanidad la anhela y ni los peores violadores aceptan que la est\u00e1n quebrantando. \u00bfC\u00f3mo explicar que tenemos tantos conflictos?. Porque no puede haber paz sin justicia, ni esta sin respeto al derecho internacional y a los derechos humanos. Requiere libertad, justicia y democracia, tolerancia, solidaridad, di\u00e1logo y negociaci\u00f3n. Si ellos, decir que se es partidario de la paz es pura demagogia. Art\u00edculo. No publicado.<\/a><\/p>\n\n\n\n<p>11)  <a href=\"https:\/\/hugopalma.academy\/hp-docs\/01.%20Derecho%20Internacional\/Cultura%20de%20Paz.pdf\">Cultura de paz. El derecho a la paz y otros acuerdos sobre la materia depender\u00e1n de la voluntad de los estados de respetar el derecho internacional, inhibirse del uso de la fuerza y practicar la tolerancia y solidaridad. Como muchas veces no practican lo que predican, el fil\u00f3sofo y religioso peruano Felipe Mac Gregor, eminente profesor de \u00e9tica, consider\u00f3 indispensable que los pueblos mismos adquiriesen conciencia y reclamaran este derecho. Eso implica que haga parte de la cultura y fue desarrollando un concepto que apuntaba a la necesidad y el anhelo humano de vivir en paz. Este fue asumido y desarrollado por el Director General de UNESCO Dr. Federico Mayor; y posteriormente objeto de resoluciones de esa organizaci\u00f3n y de la Asamblea General de las Naciones Unidas. Ensayo. No publicado.<\/a><\/p>\n\n\n\n<p>12)  <a href=\"https:\/\/www.hugopalma.academy\/hp-docs\/01. Derecho Internacional\/Incorporacion Dr. M. Belaunde Moreyra a la SPDI.pdf\" data-type=\"URL\">Incorporaci\u00f3n del doctor Mart\u00edn Belaunde Moreira a la Sociedad Peruana de Derecho Internacional. Revista de la SPDI N. 114, 1999. En su discurso plantea la relaci\u00f3n entre  la pol\u00edtica y el derecho internacional desarrollando la problem\u00e1tica del poder y el derecho. En el discurso de bienvenida se plantea que tal tensi\u00f3n debe examinarse en perspectiva hist\u00f3rica, que demuestra que a pesar de graves quebrantamientos ha crecido la conciencia de que el derecho es el mejor instrumento de los de los menos fuertes frente a intentos de dominaci\u00f3n de los poderosos.<\/a><\/p>\n\n\n\n<p>13)  <a href=\"https:\/\/hugopalma.academy\/hp-docs\/01.%20Derecho%20Internacional\/2002%20Ene15%20Reconocimiento%20al%20defensor.pdf\">Reconocimiento al defensor. Art\u00edculo. El Comercio, Lima, 15 enero 2002. El reconocimiento internacional a Jorge Santisteban de Noriega, primer Defensor del Pueblo, tempranamente desaparecido, fue m\u00e1s que merecido por su tenaz y dif\u00edcil lucha en defensa de los derechos humanos y la democracia, en circunstancias en que el gobierno hac\u00eda todo esfuerzo en sentido contrario.<\/a><\/p>\n\n\n\n<p>14) <a href=\"https:\/\/hugopalma.academy\/hp-docs\/04.%20Seguridad\/2000%20Oct02%20Paz%20y%20Estado%20de%20derecho.pdf\">Paz y Estado de Derecho. Articulo. El comercio, Lima, 2 octubre 2000. Conferencia internacional. Consejo Episcopal Latinoamericano y Fundaci\u00f3n Adenauer Bogot\u00e1, 26 setiembre 2000. En el Estado de Derecho los deberes y derechos de gobernantes y gobernados son objetivos y expl\u00edcitos. Se inhibe la arbitrariedad por ser el gobierno de las leyes y no de los hombres; y la paz es concebida como la tranquilidad en el orden de que hablaba San Agust\u00edn. Solo es posible cuando los pa\u00edses cumplen el derecho internacional.<\/a><\/p>\n\n\n\n<p>15)  <a href=\"https:\/\/www.hugopalma.academy\/hp-docs\/01. Derecho Internacional\/2003 Nov26 Hay derecho global.pdf\">\u00bfHay Derecho global? Art\u00edculo. El Comercio Lima noviembre 2003. A pesar de las grandes convulsiones internacionales y situaciones de violencia en muchos lugares, la inobservancia del derecho internacional se ha ido haciendo m\u00e1s visible y menos aceptable. Con altibajos, la tendencia es a buscar la soluci\u00f3n pac\u00edfica de diferencias.<\/a><\/p>\n\n\n\n<p>16) <a href=\"https:\/\/hugopalma.academy\/hp-docs\/03.%20Relaciones%20Internacionales\/PALABRAS_DE_PAZ_1dic03.pdf\">Palabras de paz. Articulo. No publicado. La Corporaci\u00f3n Andina de Fomento public\u00f3 el 2003 una compilaci\u00f3n de discursos de los ganadores de Premios Nobel de la Paz. El inventor de la dinamita consider\u00f3 que podr\u00eda ser utilizada en la guerra, e instituy\u00f3 un premio para quienes promovieran la fraternidad entre naciones y la reducci\u00f3n de ej\u00e9rcitos. Medio siglo despu\u00e9s se vivieron las d\u00e9cadas en que murieron en conflictos m\u00e1s seres humanos que gente en toda la historia de la guerra. Personalidades luminosas y humanas lo recibieron: Schweitzer, Pearson, Hammarskjold, Arias, Mandela, de Clerk, Wiesel, el Dalai Lama, la Madre Teresa de Calcuta e instituciones como M\u00e9dicos sin fronteras, Amnist\u00eda Internacional y los Cascos Azules de Paz de Naciones Unidas, representada por el ilustre Secretario General Javier P\u00e9rez de Cu\u00e9llar. Todos expresaron, de diversas maneras, que los seres humanos no tienen por qu\u00e9 ser siervos o enemigos y que son m\u00e1s que su nacionalidad y patrimonio, que la preparaci\u00f3n para la guerra conduce a ella y que la paz no es un regalo. Gandhi habr\u00eda dicho alguna vez: \u201d No hay camino para la paz. La paz es el camino\u201d.<\/a><\/p>\n\n\n\n<p>17) <a href=\"https:\/\/hugopalma.academy\/hp-docs\/02.%20Per%C3%BA%20Pol%C3%ADtica%20Exterior\/Entrevista_Educaci%C3%B3n%20para%20la%20paz.pdf\">Educaci\u00f3n para la Paz. Los Derechos Humanos y la democracia. Entrevista. El Comercio, Lima, 20 noviembre 1994. En la 44 Conferencia General de la Unesco, Ginebra 1994, como Presidente de la Delegaci\u00f3n del Per\u00fa insist\u00ed en el tratamiento del tema del terrorismo y sus efectos nefastos sobre la educaci\u00f3n, la paz y la cultura, flagelo que afectaba profundamente al Per\u00fa y a toda sociedad.<\/a><\/p>\n\n\n\n<p><\/p>\n\n\n\n<h2 class=\"wp-block-heading\"><\/h2>\n\n\n\n<p><\/p>\n","protected":false},"excerpt":{"rendered":"<p>01) El Sistema Internacional en sus Textos. Libro. Tomo I CEPEI LIMA 1990. Compilaci\u00f3n de tratados y otros instrumentos de las relaciones internacionales en tres vol\u00famenes, total 1800 p\u00e1gs. Plan de Obra, Presentaci\u00f3n de Eduardo Ferrero Costa e Introducci\u00f3n del autor. Temas. Organizaciones pol\u00edticas internacionales de car\u00e1cter universal o regional; sistema interamericano; concertaci\u00f3n e institucionalizaci\u00f3n &hellip; <\/p>\n<p class=\"link-more\"><a href=\"https:\/\/hugopalma.academy\/?page_id=60\" class=\"more-link\">Continue reading<span class=\"screen-reader-text\"> \u00abPublicaciones &#038; Conferencias 01)\u00bb<\/span><\/a><\/p>\n","protected":false},"author":2,"featured_media":0,"parent":0,"menu_order":0,"comment_status":"closed","ping_status":"closed","template":"","meta":{"jetpack_post_was_ever_published":false,"footnotes":""},"class_list":["post-60","page","type-page","status-publish","hentry"],"jetpack_sharing_enabled":true,"jetpack_shortlink":"https:\/\/wp.me\/Pa9V6O-Y","_links":{"self":[{"href":"https:\/\/hugopalma.academy\/index.php?rest_route=\/wp\/v2\/pages\/60","targetHints":{"allow":["GET"]}}],"collection":[{"href":"https:\/\/hugopalma.academy\/index.php?rest_route=\/wp\/v2\/pages"}],"about":[{"href":"https:\/\/hugopalma.academy\/index.php?rest_route=\/wp\/v2\/types\/page"}],"author":[{"embeddable":true,"href":"https:\/\/hugopalma.academy\/index.php?rest_route=\/wp\/v2\/users\/2"}],"replies":[{"embeddable":true,"href":"https:\/\/hugopalma.academy\/index.php?rest_route=%2Fwp%2Fv2%2Fcomments&post=60"}],"version-history":[{"count":60,"href":"https:\/\/hugopalma.academy\/index.php?rest_route=\/wp\/v2\/pages\/60\/revisions"}],"predecessor-version":[{"id":2445,"href":"https:\/\/hugopalma.academy\/index.php?rest_route=\/wp\/v2\/pages\/60\/revisions\/2445"}],"wp:attachment":[{"href":"https:\/\/hugopalma.academy\/index.php?rest_route=%2Fwp%2Fv2%2Fmedia&parent=60"}],"curies":[{"name":"wp","href":"https:\/\/api.w.org\/{rel}","templated":true}]}}

<p class="has-text-align-left">01)<a href="https://www.hugopalma.academy/hp-docs/01. Derecho Internacional/El_sistema_internacional_en_sus_textos_Tomo_I.pdf">  El Sistema Internacional en sus Textos. Libro. Tomo I CEPEI LIMA 1990. Compilación de tratados y otros instrumentos de las relaciones internacionales en tres volúmenes, total 1800 págs. Plan de Obra, Presentación de Eduardo Ferrero Costa e Introducción del autor. Temas. Organizaciones políticas internacionales de carácter universal o regional; sistema interamericano; concertación e institucionalización latinoamericana; integración andina; y relaciones diplomáticas y consulares.</a> </p>



<p>02) <a href="https://www.hugopalma.academy/hp-docs/01. Derecho Internacional/El_sistema_internacional_en_sus_textos_Tomo_II.pdf">El Sistema Internacional en sus Textos. Libro. Tomo II CEPEI Lima 1990. Temas. Derechos de los estados; protección internacional de la persona humana; espacios marítimos, polar y cósmico; desarme y limitación de armamentos; y derechos de los estados y autodeterminación.</a></p>



<p>03) <a href="https://www.hugopalma.academy/hp-docs/01. Derecho Internacional/El_sistema_internacional_en_sus_textos_Tomo_III.pdf">El Sistema Internacional en sus Textos. Libro. Tomo III CEPEI Lima 1990. Temas. Terrorismo; cooperación internacional para el desarrollo económico y social; patrimonio cultural; medio ambiente; y el narcotráfico. Finalmente, tablas con la posición del Perú sobre los compromisos internacionales incluidos en la obra. También información sobre los miembros de los principales organismos y agencias de Naciones Unidas, la participación en acuerdos multilaterales de desarme y los miembros de los principales instrumentos del sistema interamericano.</a></p>



<p>04) <a href="https://www.hugopalma.academy/hp-docs/01. Derecho Internacional/El Perú y el sistema internacional_JM Bakula.pdf">El Perú y el sistema internacional. Juan Miguel Bakula.  El comercio, Lima. Febrero 1991. Comentario a la publicación de “El Sistema Internacional en sus Textos” de Hugo Palma.</a></p>



<p>05)   <a href="https://www.hugopalma.academy/hp-docs/01. Derecho Internacional/Textos Reunidos_Ferrero Costa.pdf">Textos reunidos. Eduardo Ferrero Costa.  Revista Caretas, Lima, febrero 1991. Comentario a la publicación de “El Sistema Internacional en sus Textos” de Hugo Palma.</a></p>



<p>06)   <a href="https://hugopalma.academy/hp-docs/01. Derecho Internacional/Documentos internacionales_DGarcía Sayán.pdf">Documentos internacionales. Doctor Diego García Sayán. La República, Lima. Febrero 1991. Comentario a la publicación de “El Sistema Internacional en sus Textos” de Hugo Palma.</a></p>



<p>07)    <a href="https://www.hugopalma.academy/hp-docs/01. Derecho Internacional/El sistema internacional en sus textos.pdf">“El Sistema Internacional en sus Textos”. Informe del diario El Comercio, Lima, febrero 1991 sobre la compilación de documentos internacionales hecha por Hugo Palma.</a></p>



<p>08) <a href="https://hugopalma.academy/hp-docs/01.%20Derecho%20Internacional/TESIS%20DE%20BACHILLER%20HUGO%20PALMA.pdf">Aspectos de la Institución del Reconocimiento de Gobiernos. Tesis de Bachiller. Facultad de Derecho y Ciencias Sociales; Pontificia Universidad Católica del Perú Hugo Palma Valderrama. Lima, Perú 1963. El reconocimiento de gobiernos, distinto del reconocimiento de Estados, ha sido y a veces es aún utilizado como un acto político de intervención o presión; desconociendo el carácter jurídico de la institución. Al tiempo de la Tesis, prácticamente no existía ninguna obligación exigible en relación con la manera como los Gobiernos accedían al poder. Se trataba entonces de un tema de verificación de que el gobierno, con independencia de la manera como asumía el poder, “gobernaba”; prevaleciendo de modo irrestricto los principios de independencia y no intervención. El asunto interesó especialmente a los Estados latinoamericanos por la recurrencia de golpes de Estado y otras cuestionables situaciones de acceso o mantenimiento en el poder. Los gobiernos procedentes de sucesiones constitucionales legítimas y transparentes no requerían ningún reconocimiento.  En 1930 el Canciller mexicano Estrada declaró que su país no haría ningún reconocimiento formal y mantendría o no relaciones con el nuevo gobierno. Esta “doctrina” fue contradicha cuando el presidente López Obrador expresó que no reconocía al gobierno del Perú que accedió constitucionalmente el año 2022; pero mantuvo las relaciones diplomáticas. <a href="https://hugopalma.academy/hp-docs/01.%20Derecho%20Internacional/TESIS%20DE%20BACHILLER%20HUGO%20PALMA.pdf"> En la práctica, la formalidad de reconocer ha cedido paso a la sola continuación de las relaciones diplomáticas.</a></a> <a href="https://hugopalma.academy/hp-docs/01.%20Derecho%20Internacional/TESIS%20DE%20BACHILLER%20HUGO%20PALMA.pdf">De hecho, el tema continúa integrando factores políticos y jurídicos que pueden producir situaciones de tensión y hasta crisis.</a></p>



<p>09) <a href="https://hugopalma.academy/hp-docs/04.%20Seguridad/CONSTRUYENDO%20MODELOS%20DE%20PAZ%20EN%20AMERICA%20LATINA.pdf">Construyendo modelos de paz en América Latina. Conferencia. En Informe de la Conferencia Internacional del mismo nombre del Consejo Episcopal Latinoamericano y Fundación Adenauer. Bogotá, 26 setiembre 2000. Examina la paradójica situación latinoamericana de ser, el mismo tiempo, la mas pacifica y la mas violenta región del planeta, con énfasis en el caso de Colombia entonces azotada por el terrorismo y el narcotráfico; al igual que México, América Central y Perú; así como el tema de la paz en el contexto de la globalización. Participaron el Presidente Misael Pastrana, obispos, académicos y políticos de varios países.</a></p>



<p>10) <a href="https://hugopalma.academy/wp-content/uploads/2024/03/CULTURA-DE-PAZ-JUSTICIA-DERECHO.pdf">Cultura de paz, justicia y derechos. Todos decimos que la paz es el mayor de los bienes, que la humanidad la anhela y ni los peores violadores aceptan que la están quebrantando. ¿Cómo explicar que tenemos tantos conflictos?. Porque no puede haber paz sin justicia, ni esta sin respeto al derecho internacional y a los derechos humanos. Requiere libertad, justicia y democracia, tolerancia, solidaridad, diálogo y negociación. Si ellos, decir que se es partidario de la paz es pura demagogia. Artículo. No publicado.</a></p>



<p>11)  <a href="https://hugopalma.academy/hp-docs/01.%20Derecho%20Internacional/Cultura%20de%20Paz.pdf">Cultura de paz. El derecho a la paz y otros acuerdos sobre la materia dependerán de la voluntad de los estados de respetar el derecho internacional, inhibirse del uso de la fuerza y practicar la tolerancia y solidaridad. Como muchas veces no practican lo que predican, el filósofo y religioso peruano Felipe Mac Gregor, eminente profesor de ética, consideró indispensable que los pueblos mismos adquiriesen conciencia y reclamaran este derecho. Eso implica que haga parte de la cultura y fue desarrollando un concepto que apuntaba a la necesidad y el anhelo humano de vivir en paz. Este fue asumido y desarrollado por el Director General de UNESCO Dr. Federico Mayor; y posteriormente objeto de resoluciones de esa organización y de la Asamblea General de las Naciones Unidas. Ensayo. No publicado.</a></p>



<p>12)  <a href="https://www.hugopalma.academy/hp-docs/01. Derecho Internacional/Incorporacion Dr. M. Belaunde Moreyra a la SPDI.pdf" data-type="URL">Incorporación del doctor Martín Belaunde Moreira a la Sociedad Peruana de Derecho Internacional. Revista de la SPDI N. 114, 1999. En su discurso plantea la relación entre  la política y el derecho internacional desarrollando la problemática del poder y el derecho. En el discurso de bienvenida se plantea que tal tensión debe examinarse en perspectiva histórica, que demuestra que a pesar de graves quebrantamientos ha crecido la conciencia de que el derecho es el mejor instrumento de los de los menos fuertes frente a intentos de dominación de los poderosos.</a></p>



<p>13)  <a href="https://hugopalma.academy/hp-docs/01.%20Derecho%20Internacional/2002%20Ene15%20Reconocimiento%20al%20defensor.pdf">Reconocimiento al defensor. Artículo. El Comercio, Lima, 15 enero 2002. El reconocimiento internacional a Jorge Santisteban de Noriega, primer Defensor del Pueblo, tempranamente desaparecido, fue más que merecido por su tenaz y difícil lucha en defensa de los derechos humanos y la democracia, en circunstancias en que el gobierno hacía todo esfuerzo en sentido contrario.</a></p>



<p>14) <a href="https://hugopalma.academy/hp-docs/04.%20Seguridad/2000%20Oct02%20Paz%20y%20Estado%20de%20derecho.pdf">Paz y Estado de Derecho. Articulo. El comercio, Lima, 2 octubre 2000. Conferencia internacional. Consejo Episcopal Latinoamericano y Fundación Adenauer Bogotá, 26 setiembre 2000. En el Estado de Derecho los deberes y derechos de gobernantes y gobernados son objetivos y explícitos. Se inhibe la arbitrariedad por ser el gobierno de las leyes y no de los hombres; y la paz es concebida como la tranquilidad en el orden de que hablaba San Agustín. Solo es posible cuando los países cumplen el derecho internacional.</a></p>



<p>15)  <a href="https://www.hugopalma.academy/hp-docs/01. Derecho Internacional/2003 Nov26 Hay derecho global.pdf">¿Hay Derecho global? Artículo. El Comercio Lima noviembre 2003. A pesar de las grandes convulsiones internacionales y situaciones de violencia en muchos lugares, la inobservancia del derecho internacional se ha ido haciendo más visible y menos aceptable. Con altibajos, la tendencia es a buscar la solución pacífica de diferencias.</a></p>



<p>16) <a href="https://hugopalma.academy/hp-docs/03.%20Relaciones%20Internacionales/PALABRAS_DE_PAZ_1dic03.pdf">Palabras de paz. Articulo. No publicado. La Corporación Andina de Fomento publicó el 2003 una compilación de discursos de los ganadores de Premios Nobel de la Paz. El inventor de la dinamita consideró que podría ser utilizada en la guerra, e instituyó un premio para quienes promovieran la fraternidad entre naciones y la reducción de ejércitos. Medio siglo después se vivieron las décadas en que murieron en conflictos más seres humanos que gente en toda la historia de la guerra. Personalidades luminosas y humanas lo recibieron: Schweitzer, Pearson, Hammarskjold, Arias, Mandela, de Clerk, Wiesel, el Dalai Lama, la Madre Teresa de Calcuta e instituciones como Médicos sin fronteras, Amnistía Internacional y los Cascos Azules de Paz de Naciones Unidas, representada por el ilustre Secretario General Javier Pérez de Cuéllar. Todos expresaron, de diversas maneras, que los seres humanos no tienen por qué ser siervos o enemigos y que son más que su nacionalidad y patrimonio, que la preparación para la guerra conduce a ella y que la paz no es un regalo. Gandhi habría dicho alguna vez: ” No hay camino para la paz. La paz es el camino”.</a></p>



<p>17) <a href="https://hugopalma.academy/hp-docs/02.%20Per%C3%BA%20Pol%C3%ADtica%20Exterior/Entrevista_Educaci%C3%B3n%20para%20la%20paz.pdf">Educación para la Paz. Los Derechos Humanos y la democracia. Entrevista. El Comercio, Lima, 20 noviembre 1994. En la 44 Conferencia General de la Unesco, Ginebra 1994, como Presidente de la Delegación del Perú insistí en el tratamiento del tema del terrorismo y sus efectos nefastos sobre la educación, la paz y la cultura, flagelo que afectaba profundamente al Perú y a toda sociedad.</a></p>



<p></p>



<h2 class="wp-block-heading"></h2>



<p></p>

<p>01) El Sistema Internacional en sus Textos. Libro. Tomo I CEPEI LIMA 1990. Compilación de tratados y otros instrumentos de las relaciones internacionales en tres volúmenes, total 1800 págs. Plan de Obra, Presentación de Eduardo Ferrero Costa e Introducción del autor. Temas. Organizaciones políticas internacionales de carácter universal o regional; sistema interamericano; concertación e institucionalización &hellip; </p>
<p class="link-more"><a href="https://hugopalma.academy/?page_id=60" class="more-link">Continue reading<span class="screen-reader-text"> «Publicaciones &#038; Conferencias 01)»</span></a></p>
